
7
Let j(h) = -h + 17. What is the tens digit of j(-7)?
2
Let w = -30 - -52. What is the tens digit of w?
2
Let m(y) = y**2 + 24. Let s be m(0). Suppose 3*d + 5*f = -s, 0*f = -3*f - 9. Let p = -2 - d. What is the units digit of p?
1
Suppose 0 = 2*s - t - 158, s - 2*t = -5*t + 86. Suppose -s = r - 6*r. What is the units digit of r?
6
Suppose 0 = m - 6 - 0. Let k = -36 + 36. Suppose k = 5*n - m - 9. What is the units digit of n?
3
Let u(i) = -i**2 + 7. Let o(d) = d**2 - d - 7. Let c(l) = -4*o(l) - 5*u(l). What is the units digit of c(-6)?
5
Suppose -5*h + 15 = -2*r, -12 = 2*h - 6*h. Suppose -2*s = 2*d - 22, s - 3*s = r. What is the units digit of d?
1
Let v(i) = -i - 3. Let b be v(-8). Suppose -b*o = -o. What is the units digit of (o - -1)/((-2)/(-6))?
3
Let m(u) = u + 11. Let i be m(-6). Suppose -16 - 21 = -4*d + x, i*x = 15. What is the units digit of d?
0
Suppose -b + 4*b + 9 = 5*r, -b + 5*r = 13. What is the units digit of 2 + 0 + (b - -1)?
5
Let b = 7 - 4. Suppose -w - 23 = -3*w + 5*s, b*s = 3. What is the units digit of w?
4
Let c = 9 - 5. Suppose -2 = 2*l + 4. What is the units digit of l/((18/c)/(-3))?
2
Let o(u) = -u**3 - 9*u**2 - 8*u + 7. Let f be o(-8). Let p = 3 + f. What is the units digit of p?
0
Suppose -816 = -5*b + a + 711, -597 = -2*b + 5*a. What is the units digit of b?
6
Suppose 4*q - 1 = 15. Let u be 1*(-1)/3*3. Let n = q - u. What is the units digit of n?
5
Let i = 14 + -10. What is the units digit of i?
4
Suppose 64 = 5*y + w, w + 29 = 3*y - 3. Let z = -6 + y. Suppose 3*g - 5*r = 14, -5*g = -z*r + 3*r - 34. What is the units digit of g?
8
Suppose z - 5*k - 1 - 7 = 0, 3*k - 15 = 0. Suppose -3*r + 9 = -z. What is the tens digit of r?
1
What is the tens digit of (-378)/8*160/(-30)?
5
Suppose 0*j = 2*j. Suppose -2*d + 5*y + 7 = 0, -2*y + 17 = d - j*y. What is the tens digit of d?
1
Let o be -5 - -2 - -3 - -4. Suppose 6 = -o*r + 26. What is the units digit of r?
5
Suppose 0 = t - 3*d - 49, 2*t - 4*d - 101 = -d. What is the units digit of t?
2
Let r = 24 + -30. What is the units digit of (-1 - -4) + r + 6?
3
Let a(s) = -2*s - 4. Let i be a(-8). Let r be 9/2*4/3. Let z = i - r. What is the units digit of z?
6
Let m(u) = -u**3 - 13*u**2 - u + 22. What is the units digit of m(-13)?
5
Suppose 0 = -2*p - c + 138, 106 = 3*p + 2*c - 100. What is the tens digit of p?
7
Let w be (-15)/20*16/(-2). Let i = w + -10. What is the tens digit of 3/(-6)*5*i?
1
Suppose -4*d - 11 = 1. Let h be (-2 + 5)/((-3)/2). What is the units digit of (h/4)/(d/18)?
3
Let v(j) = 7*j. Let r(s) = s**2 + 9*s - 9. Let o be r(-10). What is the units digit of v(o)?
7
Let o(k) = -7*k - 32. What is the tens digit of o(-6)?
1
Suppose -n = 3*n - 12. Let r(d) = 6 - n*d**2 - d**3 + 7*d**2 + 9*d - 3*d. What is the tens digit of r(5)?
1
Suppose 5*a - 260 = 4*f, -207 = -2*a - 2*a + 3*f. What is the tens digit of a?
4
Suppose -4*t = -3*k - 22, 2*t - 6*k = -2*k + 16. Suppose -t*a = 8 - 52. What is the units digit of a?
1
Suppose -h = -2*a - 1, 2*a - 3 = -3*h - 0*a. Suppose 2*c = 5*o + 26, 3*c + 2*o - h = -0. What is the units digit of c?
3
Let f = -1 + 3. Let q = -3 + 7. Suppose 0 = f*k - q*k + 6. What is the units digit of k?
3
Let p(b) = -170*b + 2. What is the hundreds digit of p(-1)?
1
Let i(v) = 2*v**2 + 3*v - 2. Let u be i(1). Suppose 2 - 1 = -j. What is the units digit of (-1)/u*15/j?
5
Suppose y + z + 1 = 0, -14 = y - 5*z + 17. Let o = -5 - -21. Let t = y + o. What is the tens digit of t?
1
Let b = 111 + -65. What is the units digit of b?
6
Let v be 32/(-28)*(-14)/4. Suppose -3*s = 3*i - 2*i - 21, v*i + 5*s - 56 = 0. What is the units digit of i?
9
Let n = 7 - 4. Suppose m - 5*f = -4, -f + 8 = 3*f. What is the units digit of (-10)/n*m/(-4)?
5
Let v(d) = d. Let l be v(-3). Let q be ((-1)/l)/(-1)*-12. Suppose 0 = q*b - 8, -5*m = -2*m - b - 16. What is the units digit of m?
6
Suppose 4*g - y = 34 + 2, 2*g = 5*y + 18. Let a be ((-6)/g)/((-2)/39). Suppose 0 = 4*h - 19 - a. What is the units digit of h?
8
Let z(q) = 6*q - 7. Let c be z(6). Suppose -m + 22 = -3*v, 0 = -2*m - 2*v + c + 31. What is the units digit of m?
8
Let b be -5 + 3 - (-14 + -1). Suppose 4*u + b = 61. What is the units digit of u?
2
Let a be 42/9 - 2/3. Suppose -c + 4*v - v + 13 = 0, 8 = -a*c - 3*v. What is the units digit of c?
1
Suppose 105 = 3*y - 2*f - f, -40 = -y - 4*f. Let o = -17 + y. What is the units digit of o?
9
Suppose -r = g - 4*g + 18, 5*r = g - 6. Suppose -5 = -h + g. What is the tens digit of h?
1
Suppose f - 17 = 4*k, 0 = -5*f - k + 5*k + 21. Let o = 3 + f. Suppose -20 = -0*u - o*u. What is the units digit of u?
5
Let w = 58 + -48. Let z be 1 + (12 - (0 - 1)). Suppose 5*b = -4*d + w, -d - 15 = -4*b + z. What is the units digit of b?
6
Suppose -5*k = 25, -2*k = -4*x - 21 + 131. What is the units digit of x?
5
Suppose 0 = 34*h - 27*h - 2191. What is the units digit of h?
3
Let m = 9 + 70. What is the tens digit of m?
7
Suppose 3 = j - 4. What is the units digit of j?
7
Let y = 23 - 5. What is the tens digit of y?
1
What is the units digit of 61/1 - -4 - 3?
2
Let f be 4/6*81/6. Suppose 4*v - f = 7. What is the units digit of v?
4
Let b be (6 + -1)*(-9)/15. What is the units digit of b/(2/32*-3)?
6
Let r be (1 - 0)/((-1)/(-48)). Suppose r = -6*n + 4*n. Let z = 37 + n. What is the tens digit of z?
1
Let c be (-65)/(-15) - 2/(-3). Suppose -c - 37 = -3*h. What is the units digit of h?
4
Let x(a) = a**2 - 4*a - 3. Let p be x(5). Suppose 169 = 5*l + r, -5*r + r = -p*l + 72. What is the units digit of l?
4
Suppose -14 = -6*c + 52. What is the units digit of c?
1
Let k = 48 - -40. What is the units digit of k?
8
Let n = 42 + 62. What is the tens digit of n?
0
Suppose 0*f - 5*f - 5*j = -955, 5*f = -j + 951. What is the tens digit of f?
9
Suppose 0 = -5*y + 11 - 1. Suppose -5*x - 4*o + 2*o + 40 = 0, 2*x - 2*o - y = 0. What is the units digit of x?
6
Suppose -f - 3*z + 27 = 3*f, 5*f + 3*z = 33. Let o(v) = v**2 - 4*v - 2. Let k be o(f). Suppose 3*m = m + k. What is the units digit of m?
5
Let i be (-54)/(-12)*(-2)/(-3). Suppose -i*c + 29 = 2*g, 3*c - 5*g = -2*c + 65. Suppose -2*t - c = -47. What is the units digit of t?
8
Let a = 41 + -28. What is the tens digit of a?
1
Suppose 4*l - 18 - 486 = 0. What is the units digit of l?
6
Suppose 2*d = d + 5. Suppose 0 = 4*u - d*u. Suppose -2*p - 3*p + 25 = u. What is the units digit of p?
5
Suppose 0 = -2*g + 33 - 9. Suppose -c + g = 2*c. What is the units digit of c?
4
Let v = -11 - -19. Let w(z) = 2*z - 12. What is the units digit of w(v)?
4
Let p(x) = 5*x**3 - 3*x**2 - x + 2. Let r be (-5)/20 + (-18)/(-8). What is the units digit of p(r)?
8
Let r(o) = o**3 + 6*o**2 + o. Let g be r(-6). Let q = g + 9. Suppose -2*w - q*v = -7, 46 = 5*w + 2*v + 12. What is the units digit of w?
8
Suppose -8*h + 4*h = -4. Let m(j) = 8*j**3 + j**2 - 1. What is the units digit of m(h)?
8
Let l(x) = -x**3 - 7*x**2 - 6*x. Let g = 16 + -22. Let v be l(g). Suppose v = -5*y + 25, 2*i - 7*i = 4*y - 55. What is the units digit of i?
7
Suppose 4*y - 17 = 3. What is the units digit of y?
5
Let t(f) be the second derivative of -f**5/20 - f**4/12 - 2*f**3/3 - 3*f**2/2 - 3*f. What is the units digit of t(-3)?
7
Suppose -2*q + 87 = 25. What is the units digit of q?
1
Suppose 2*x - 3*x = -6. Let l = 4 - x. Let c = 3 - l. What is the units digit of c?
5
Let u(p) = -p - 28. Let d be u(0). Let a be 4/(-7)*d/8. Suppose -3*v = -2*l + 3*l + 1, 8 = 5*l + a*v. What is the units digit of l?
2
Let a(y) = 11*y - 11*y**2 + 0*y**3 - y**3 + 2*y**3 - 6. Let j be a(10). Suppose 7*m - 2*m = -4*k - 11, -k = j. What is the units digit of m?
1
Let c(t) = -t**2 + 5*t - 6. Let u be c(6). What is the tens digit of (-4)/(-2) - u - -1?
1
Let s = 2 + 1. Suppose -s*a - 14 = -5*a. Suppose -4*r - 24 = -a*r. What is the units digit of r?
8
Let i(l) = -l**2 + 7*l - 4. Let z be i(6). Suppose -z*x - m + 39 = 0, -4*x + 43 = 2*m - 7*m. What is the units digit of x?
7
Suppose -4*s = -n - 0*n - 8, 2*s - 2*n = 4. What is the tens digit of s/(-4) - 440/(-16)?
2
Suppose -3*q - 5*u = 29, -5*q - 52 = 4*u - 21. Suppose -3*k + 6*k - 15 = 0. Let m = k + q. What is the units digit of m?
2
Suppose -73 = -10*b + 37. What is the tens digit of b?
1
Let f be (-2)/8 - 372/(-16). Let w = f - 15. What is the units digit of w?
8
Let v = -189 - -3